Calculate -2 + 0 + (-2 - (0 - 3)).
-1
Calculate 0 + (3 - 3) - -1 - -3.
4
Evaluate 6 + 8 + -13 + -8.
-7
What is -4 + -3 + (3 - -14) + -4?
6
What is the value of 17 + -20 + (1 - 0) + 2?
0
What is -5 + 7 + -15 + 7?
-6
Calculate -1 - (-6 - -8) - -9.
6
What is the value of -9 - (-16 + (-10 - -19))?
-2
Calculate (1 - 2) + (4 - (5 + -6)).
4
Evaluate (0 - -1) + -18 + 17.
0
What is the value of 5 - (3 - 7 - -6)?
3
What is the value of 3 - (-1 - (-3 - (-5 + 3)))?
3
What is the value of 1 + (0 - 2) - (1 - 4)?
2
-2 + (-7 - -5) - -2 - 3
-5
What is the value of (-1 - -11 - 2) + -5?
3
Evaluate -83 + 78 + (2 - 2).
-5
Calculate -6 - (13 + -10 + -15).
6
-5 + 1 - (14 - 17 - 1)
0
Calculate 1 - (2 + 0 + (-5 - -5)).
-1
What is the value of (1 + -5 - -5) + 7?
8
(-17 - -19) + (1 - -2)
5
What is the value of (15 - 1) + 44 + -48 - 7?
3
What is the value of (-2 - -1) + (-10 - -11) + 3?
3
What is the value of (-12 - -2) + -4 + 9?
-5
Calculate 0 + (-3 + 3 - 4).
-4
What is the value of 0 - -4 - (4 - 2)?
2
Evaluate 3 + (0 - (5 - 4 - 1)).
3
Evaluate (-6 - (1 + -1)) + (1 - -2).
-3
Calculate -3 + (0 - -2) + -2.
-3
-3 + (-4 - -12) - 2
3
What is (-1 - (1 - 0)) + -1?
-3
24 + -9 + -5 + -14
-4
Calculate 6 + 3 + (-1 + -5 - -1).
4
What is the value of (1 - (-3 + (8 - 2))) + 6?
4
14 - 14 - (1 + 3)
-4
Calculate -34 + 27 - (0 + -6).
-1
Calculate -4 + 4 + (1 - -2 - 4).
-1
What is -3 + -1 + -5 + 8?
-1
What is the value of 2 + 2 - (6 - (2 - 1))?
-1
Evaluate -4 + (5 - (-4 - 0)).
5
What is the value of -5 - ((11 - 4) + -18)?
6
What is the value of 1 + 6 + -3 + 1 + 0?
5
Evaluate 1 - (2 - (4 + -2)).
1
6 + (-3 + -9 - -7)
1
Evaluate 15 - 5 - 2 - (2 + 2).
4
Evaluate -1 - ((-3 - 0) + 2).
0
What is the value of -4 + -5 + 7 + 7?
5
What is (-4 - -5) + 2 + -8 + 4?
-1
Evaluate 13 - (-1 + 1 + 10).
3
Calculate 1 + -3 + (8 + -23 - -12).
-5
Calculate -3 + -10 + 10 - -9.
6
(1 - -7) + -3 + 2
7
What is the value of -1 + -2 + 9 + -14?
-8
Calculate -28 + 23 + (7 - 0).
2
1 + -3 + 2 + 0
0
Evaluate (-2 - (4 - 10)) + 0.
4
Evaluate 5 + -1 - (-2 - -5) - 1.
0
What is the value of 2 + -1 + -24 + 21?
-2
Calculate 0 - (14 + -5 + -5 + -2).
-2
Calculate (2 + -2 - -8) + -2 + 3.
9
What is 6 - (5 + 2 + 0)?
-1
Calculate 12 - (-3 + 8) - 1.
6
1 - (-3 - -13 - (0 - -3))
-6
Evaluate 13 + 1 + -12 - 5.
-3
What is -2 + (-3 - -7 - -3)?
5
Calculate -5 + 2 - -4 - (-1 + 3).
-1
-12 + 1 + 8 + 8 + -10
-5
Calculate 1 + (5 + -4 - (-3 - -2)).
3
What is the value of -5 + 8 + (-5 - 0) - -1?
-1
17 + (5 - 15) - 9
-2
What is the value of -12 - (-18 + 4) - 3?
-1
Evaluate 2 - (10 + 5 + -7).
-6
What is (2 - (1 + -4)) + -5?
0
-1 + 0 + (3 - 2)
0
3 - (-1 + 1 + (-6 - -6))
3
Evaluate -2 + 0 + (5 - (-3 + 4)).
2
What is (-6 - -6) + (2 - 0 - 5)?
-3
What is the value of (7 - 0) + 0 + -1?
6
What is the value of 2 - (0 + -3) - 4?
1
Calculate 7 + -9 + 5 + 2.
5
What is the value of 3 - 0 - 6 - -5 - 4?
-2
What is (-14 - -8) + (0 - -2 - -1)?
-3
7 + -4 + 0 + 6
9
What is -2 + 0 + (-2 - 7 - -8)?
-3
What is the value of 3 + -16 + (9 - 3)?
-7
-99 + 104 - (-1 - -11)
-5
Calculate (5 - 0) + 43 + -55.
-7
What is the value of -3 + (13 - 0 - 5) + 5?
10
What is the value of (-14 - -8 - -11) + (-1 - 0)?
4
What is the value of -1 + 2 + -3 + 8?
6
-4 - (0 + -2) - 1
-3
What is -2 + (-3 - (0 - 3)) - -2?
0
What is the value of 4 + (-9 - (5 + -10))?
0
What is the value of -7 + -18 + 11 + 10?
-4
What is (-24 - -31) + (1 - 1)?
7
What is (8 - (0 - 1)) + -8?
1
Calculate -5 - (-3 + 0 - 2) - -5.
5
-8 - (10 - 16) - (-4 - -1)
1
5 + (2 + -5 - 0)
2
Evaluate (-24 - -29) + -8 + -1.
-4
-13 - (-10 + 14 + -9)
-8
7 - (6 + 0) - -4 - 12
-7
Calculate (9 - 17) + 26 + -9 + 0.
9
What is (4 + -1 + -7 - -4) + 5?
5
Evaluate 8 + -4 - (1 + 7).
-4
Calculate (12 - 0) + (-37 - -31).
6
Calculate 1 + -1 - (-11 + 15).
-4
Evaluate -11 - (-5 + -12) - (8 - 1).
-1
What is the value of -7 + 2 + 0 + 15 + -7?
3
Evaluate 0 - (7 + (-6 - 0)).
-1
Calculate -6 - (1 - -2) - -10.
1
What is 1 - (1 - 1 - -1)?
0
What is the value of (-1 + -1 - (-4 - -1)) + 3?
4
What is 5 + -1 + -5 + (-4 - -7)?
2
-3 + (0 - (1 - 3) - -2)
1
What is the value of -29 + 30 - (2 - 0)?
-1
-1 - 8 - (4 + -8 + -1)
-4
Calculate (2 - (-3 + -3)) + -6 - 3.
-1
Evaluate -6 + 2 + 3 + -2.
-3
Calculate 7 + -13 - (-7 + 5).
-4
What is -6 + 9 - (-2 - -2)?
3
What is the value of 7 - (7 - 1) - -4?
5
What is -13 + (-4 - (13 + -36))?
6
-1 - -3 - (11 - 6)
-3
Calculate (37 - 30) + 1 + -8.
0
What is (-7 + 2 - -2) + (30 - 32)?
-5
What is (0 - (1 - 0) - -7) + -1?
5
What is -1 - ((9 - 9) + 1 + -1)?
-1
2 + (-8 - -9) - -2
5
Calculate -1 + (-3 - 0) + 3.
-1
Evaluate 0 + -1 - -7 - (9 - -6).
-9
What is the value of 0 - -1 - (-5 - -9 - 13)?
10
What is the value of -4 + -2 - -6 - -2?
2
Calculate -7 + (0 - 1 - (6 + -8)).
-6
What is the value of -4 + (-4 - -6) + (3 - 4)?
-3
What is -22 - -20 - (1 + -6)?
3
Calculate (12 - 5) + -6 - (2 - 2).
1
Evaluate -7 - (8 - 7) - -13.
5
What is the value of 9 + (3 - 9) - (-3 - -1)?
5
Evaluate 0 + (-4 - -7) + 0 + -3.
0
What is the value of -4 + 0 + (2 - (-8 - -4))?
2
What is 2 + 12 - (20 + -12)?
6
(6 - 8) + (1 - -7)
6
Calculate -7 - 0 - (5 + -6).
-6
-2 + (9 - 0) - 6
1
7 - (-3 - 1 - -7)
4
Calculate -3 - (2 - 2) - (9 + -13).
1
Calculate 2 + 1 + (1 - 1).
3
What is the value of -1 - (11 + -9 - 3)?
0
11 + 1 + -7 + 1 + 0
6
What is 5 + -1 + -3 - (-1 - -2)?
0
What is (0 + -4 - -4) + -2 + -1?
-3
What is the value of 0 + -5 - (-14 - -4)?
5
(-3 - -3) + -1 - -4 - -4
7
Calculate -2 + (1 - -3) + -1 + 0.
1
6 + (-8 + 0 + 7 - -1)
6
Evaluate (-4 - (-7 - -8)) + (-1 - -6).
0
What is 2 - ((2 - -2) + 0)?
-2
-6 - (-1 + -2) - -1
-2
What is -4 + (2 - 1) + 6 + -4?
-1
Evaluate -5 + -8 + 1 + 6 - -3.
-3
What is the value of 9 + -8 - (0 - (-1 + 1))?
1
Evaluate -85 + 83 + (0 - (0 - 2)).
0
What is -9 + 3 - (2 - 7)?
-1
What is 8 - (-14 - -36) - -25?
11
Evaluate (0 - 7 - (0 - -2)) + 1.
-8
What is the value of 11 + -10 + 2 - -4?
7
Calculate -1 + 1 + (10 - 1 - 8).
1
Calculate -2 - (2 + -5 + -3).
4
Evaluate (2 + -9 - -9) + -4.
-2
What is -5 - (-9 - (-6 + 11 + -10))?
-1
Calculate -2 + (-9 + 9 - -2).
0
Calculate 4 - (-1 + -3 + 8).
0
What is -3 + 1 + -1 + -2?
-5
Evaluate 0 - ((-4 - 1) + 6 + -6).
5
Evaluate (2 - 4) + 0 - -3 - 2.
-1
Calculate (-1 - -7) + (-142 - -139).
3
Calculate 2 - (5 + -2 - (5 + 4)).
8
What is the value of -7 + (2 - 1 - -4)?
-2
Calculate (-5 + -2 - -4) + -2 + 8.
3
Evaluate 7 + (2 - 2) - 4.
3
What is the value of 0 - -1 - (3 + 1 + -3)?
0
What is the value of -1 + (-1 - -2 - (8 + -10))?
2
Calculate (0 - 0 - (15 + -13)) + -1.
-3
Evaluate -5 + (15 - 6) - 4.
0
Evaluate (-3 - 1) + (4 - -1).
1
8 + -13 - (1 - 5)
-1
Evaluate 0 - -1 - (-25 - (-4 - 25)).
-3
What is the value of (1 - 2) + -5 + 2 + -1?
-5
Evaluate (3 - 1) + 0 + 1.
3
What is the value of 1 + (2 - 7) + 1 + 2?
-1
What is the value of -17 - (-1 - 3) - (14 - 20)?
-7
Calculate -3 + 2 + 11 - 11.
-1
Evaluate -1 + 0 + 8 + -2.
5
What is the value of 11 + (-7 - 0) + (2 - 9)?
-3
What is 3 - ((0 - (-2 - -2)) + 4)?
-1
5 + -5 - (6 + -15 - -3)
6
Evaluate -1 + -7 + (16 - 11).
-3
What is 0 - -4 - (11 - 3)?
-4
Calculate -10 - (-4 - 16) - 4.
6
What is the value of (-7 - -1) + (-3 - -8)?
-1
What is -3 + (-4 + 2 - -2) + 4?
1
Evaluate (-8 - -6) + 2 - 6.
-6
What is the value of -33 + 40 - (-3 + 4)?
6
Calculate 13 - (0 - 0) - (48 - 41).
6
What is -2 - (2 + -5 - (-1 - 1))?
-1
(-10 - (-5 - -1)) + 0 + 2
-4
-6 + (-8 - -8) - -2
-4
Evaluate 5 + -1 + -4 + 0.
0
What is the value of -9 - -2 - (2 + -6)?
-3
What is the value of -52 + 70 - (-1 + 10)?
9
Evaluate -5 + 1 - (6 + -17).
7
What is the value of -1 - 1 - (-1 - (-7 - -7))?
-1
Calculate (-2 - 7 - -2) + 8.
1
Calculate -1 + -3 + 10 + -2 + -7.
-3
What is 5 + (-24 - -11 - (-1 + -1))?
-6
Calculate -3 + (-16 - -10) + 12 + -1.
2
Calculate 0 + 0 - (3 + -6).
3
What is 23 - (38 - 20) - (3 + 0)?
2
Evaluate -4 + (-6 + 3 - -8).
1
3 + -11 - -3 - -8
3
What is 3 - (-16 - -7 - -8)?
4
What is the value of -1 - -3 - 5 - (1 - 4)?
0
Calculate 1 - -1 - (20 + -17).
-1
Calculate -6 - (-4 + 5 + -5) - -3.
1
What is -14 - (-2 + -4) - -17?
9
What is (4 - -1) + 13 + -13 - 4?
1
Calculate -2 + (-7 - -4) + 1 + 1.
-3
What is -4 - (-2 + 0 + 2)?
-4
Evaluate -1 + 6 - 1 - 2.
2
Calculate (0 - 0) + (-12 - -16) - 9.
-5
Calculate 7 - (4 + (0 - (1 + 0))).
4
What is the value of -5 + (-6 - 0) + 1 + 12?
2
What is 0 - (0 - 0) - (-16 + 12)?
4
What